+ 3. What are the prime factors of d(m)?
23
Let f(n) = n - 13. Let h be f(7). List the prime factors of (-2*39/h)/1.
13
Let t(w) = w. Suppose -3*b - 7 = -4*b. What are the prime factors of t(b)?
7
Let o(u) be the third derivative of 3*u**6/40 + u**5/60 - u**3/6 - u**2. What are the prime factors of o(1)?
3
Let y(o) = o + 105. What are the prime factors of y(0)?
3, 5, 7
Let v(c) = 3*c**2 + 4*c - 2. List the prime factors of v(-4).
2, 3, 5
Let f(y) = y**3 + 5*y**2 - 7*y - 4. Let s be f(-6). Suppose 2*x - 5*z - 12 = x, -4*x + 48 = -s*z. List the prime factors of x.
2, 3
Let o = -73 - -143. Suppose 2*l - 9 = -y + 7*l, -3*l - o = -4*y. List the prime factors of y.
19
Let d(i) = i**2 + 5*i + 5. Let m be d(-11). Suppose 5*t + g - m = -1, 2*g = 0. Suppose 7 = 3*k - t. What are the prime factors of k?
7
Let d be -3*(1 - 0 - 2). Let z(l) = -l + 2. Let n(k) = 2*k. Let c(m) = 2*n(m) + 2*z(m). List the prime factors of c(d).
2, 5
Suppose v - 2*p = -0*p - 3, -2*v = p - 14. Suppose -177 = -v*o - r, 5*o + 5*r = -0*r + 185. List the prime factors of o.
5, 7
Let j(a) = -a**2 + 6*a + 5. Let g be j(4). Let v = -7 + g. List the prime factors of v.
2, 3
Let w(t) = -t + 38. Let s be w(0). Let l = s - 4. Suppose 3*j - l = 5*o + 23, -9 = 3*o. What are the prime factors of j?
2, 7
Let j(z) = -28*z + 17. List the prime factors of j(-6).
5, 37
Suppose 2*n = -0*n + 5*o + 371, 2*n - 336 = -2*o. What are the prime factors of n?
173
Let k(r) = -r**3 + 11*r**2 - 7*r + 8. List the prime factors of k(10).
2, 19
Suppose 15 = 3*o + 3. Suppose 0*p - 12 = -o*p. Suppose p*x - 32 = -2. What are the prime factors of x?
2, 5
Suppose 4*s - 523 = -5*w - 57, -s = -4. What are the prime factors of w?
2, 3, 5
Suppose a = -20 - 3. Let l = a + 40. What are the prime factors of l?
17
Suppose 2 - 20 = -3*a. Suppose -3*d - 4*o + 2*o = 0, 4*o + a = -3*d. List the prime factors of d.
2
Let n = -12 - -22. What are the prime factors of n?
2, 5
List the prime factors of 452/10 + 3/(-15).
3, 5
Suppose 11*h = 12*h - 146. What are the prime factors of h?
2, 73
Let p be 476/36 - (-4)/(-18). Let r = p + -9. Suppose r*n + 14 = 5*t - 23, 3*t - 4*n = 27. List the prime factors of t.
5
Let z = 32 - -4. List the prime factors of z.
2, 3
Suppose -r + 174 = 2*t + r, t = 3*r + 79. What are the prime factors of t?
5, 17
Let c(t) be the third derivative of t**5/60 + 7*t**4/24 + t**3/3 + 3*t**2. What are the prime factors of c(-9)?
2, 5
Let y be ((-56)/98)/(2/(-7)). Suppose 135 = 5*l - y*l. List the prime factors of l.
3, 5
Suppose 3*m - 7 = -5*o - m, 0 = -5*o - 3*m + 9. Let r be 2/o - (-11)/(-3). List the prime factors of 51/6 + r/(-6).
3
Let o(z) = -4*z. Let j(n) = 7*n + 1. Let q(c) = 3*j(c) + 5*o(c). Let s be q(0). Suppose -5*k - 2 = -s*w, -4*k + 12 = -0*w + w. List the prime factors of w.
2
Suppose 93 = 4*t - 4*w + 33, 3*w = t - 11. List the prime factors of t.
17
Suppose 0*d - 5*u + 2 = -4*d, -d = 3*u + 9. Let l = 1 - d. List the prime factors of l.
2
Suppose -2*s = 2*d - d - 36, 5*s = 3*d - 130. What are the prime factors of d?
2, 5
Let u(f) = f**3 + 7*f**2 - 10*f - 6. Let a(b) = -b**2 - b + 4. Let r be a(-4). What are the prime factors of u(r)?
2, 5
Let v(c) = -30*c - 1. What are the prime factors of v(-1)?
29
Let f(j) = -2*j - 6. Let d be f(-5). Let o(n) = n - 2. Let m be o(4). Suppose d*r - m*r - 14 = 0. List the prime factors of r.
7
Let m = 6 - 4. List the prime factors of 4/4*(1 + m).
3
Suppose 0 = 2*y + 4*v - 504, -5*y + 1242 = -0*v + v. List the prime factors of y.
2, 31
Let u = -1065 - -183. What are the prime factors of 6/4 - u/28?
3, 11
Let w(t) be the third derivative of 3*t**5/20 + t**4/24 - t**3/6 + 3*t**2. What are the prime factors of w(1)?
3
Let l = 86 - 63. What are the prime factors of l?
23
Let c(g) = g - 10. Let x be c(8). List the prime factors of x/11 - (-136)/22.
2, 3
What are the prime factors of (-6 + 8)/(4/14)?
7
Let g = -12 + 23. Let d(i) = 2*i - 7. What are the prime factors of d(g)?
3, 5
Let c = 85 + -49. Suppose 0 = -a + 4*a + c. List the prime factors of (-38)/(-6) + 4/a.
2, 3
Let y(k) = -5*k - 1. Let n be y(-3). Suppose 2*u - u - n = 0. List the prime factors of u + -1 - -1*3.
2
Suppose 2*d - 7*d + 260 = -5*x, 60 = -x + 5*d. Let h = -21 - x. What are the prime factors of h?
29
Let g be (21/1)/(-3) - -1. List the prime factors of g/(-10)*(17 + -2).
3
Suppose 0 = a + k - 17 - 4, 85 = 5*a - 5*k. What are the prime factors of a?
19
Suppose 62 = 4*p - 94. Let r = -49 + 109. Suppose -f = -5*v + r, -f + p = 3*v + v. What are the prime factors of v?
11
Suppose p - 4*u - 263 = -u, -741 = -3*p - 3*u. List the prime factors of p.
251
Let t be 0/(-1) + -1 + -1. Let x be (-1)/t + 14/4. Suppose 3*g - x = 4*c, c - 2*c = 2*g - 10. What are the prime factors of g?
2
Let v(u) be the first derivative of u**3/3 - 2*u**2 - 3*u + 1. Let y be v(4). What are the prime factors of (y/2)/((-12)/32)?
2
Suppose 5*s = 2*s + 27. List the prime factors of s.
3
Let d(l) = l**3 - 6*l**2 - 10*l + 1. Let n be d(7). Let i be (8/n)/(2/10). List the prime factors of (-2)/(-2)*1 - i.
3
Let l(a) = 9*a**3 - a**2 + a - 1. What are the prime factors of l(1)?
2
What are the prime factors of (-58)/(-29)*11/2?
11
Let z = -16 + 103. List the prime factors of z.
3, 29
What are the prime factors of 98/6 + (-38)/(-57)?
17
Let d = -6 - -6. Suppose -5*z + 34 = 3*h, -z = 3*h - d*z - 14. Suppose 3*v = h*c - 27, 0*c - 5*v + 45 = 5*c. What are the prime factors of c?
3
Let c = 12 - 2. Suppose 2*g = -3*g - c, -2*g = 3*k - 8. Suppose 0 = -k*b - 14 + 38. What are the prime factors of b?
2, 3
Suppose -3*r + 3 = -3. Suppose l - 9 = -r*l. Suppose -l - 5 = -s. List the prime factors of s.
2
Suppose 3*c + 3 = -9, -3*d + 94 = 2*c. What are the prime factors of d?
2, 17
Let p = -76 + 115. Suppose -144 + p = -5*g. List the prime factors of g.
3, 7
List the prime factors of (2 - 2) + 4 + 79.
83
Let t be 6/21 - 89/(-7). Let l = t - 8. What are the prime factors of l?
5
Suppose -4*y + 20 = 4*p, 3*y - 29 - 2 = p. List the prime factors of y.
3
Let w(s) = s**2 + s + 15. Let h = 0 + 0. What are the prime factors of w(h)?
3, 5
What are the prime factors of (-9)/(-6)*((2 - 0) + 92)?
3, 47
Let x = 27 + -2. What are the prime factors of x?
5
Suppose 2*a = l + a - 31, -5*l - 5*a + 135 = 0. What are the prime factors of l?
29
Let u(d) = 3*d**2 + 4*d - 26. What are the prime factors of u(-6)?
2, 29
Suppose 18 = c + 5*m, -10 - 6 = 4*c - 2*m. What are the prime factors of c/4 + 22/4?
5
Let t(m) = 9*m. Let i be 6/(-15) + (-146)/10. Let v be ((-4)/(-3))/((-10)/i). What are the prime factors of t(v)?
2, 3
Suppose -6*j = -3*j - 18. Suppose -3*g + 48 = -j*g. What are the prime factors of 2/8 + (-60)/g?
2
Let s be ((-1)/(-3) + -1)*6. Let d = 16 + s. What are the prime factors of d?
2, 3
Suppose -5*h + 38 = 4*w - 28, 3*h = -w + 20. List the prime factors of w.
2, 7
Let w = -185 + 288. What are the prime factors of w?
103
Let t = 1 + 2. Suppose -2*r + 20 = t*r. List the prime factors of r.
2
Let z(w) = -w**3 + 18*w**2 + 8*w - 22. List the prime factors of z(17).
13, 31
Let r = 2 + 1. Suppose -40 = -w - 4*j, -r*j + 102 = -w + 4*w. What are the prime factors of w?
2
Suppose -5*o + 4*o = 4, 5*o = 5*m - 40. Suppose 0 = -2*n + m*n - 34. List the prime factors of n.
17
Let j(q) = -3*q + 2. Let p(n) = 2*n - 2. Let f(g) = -3*j(g) - 2*p(g). What are the prime factors of f(4)?
2, 3
Suppose -3*d = b - 125, -7*b + d = -3*b - 500. What are the prime factors of b?
5
What are the prime factors of (-1)/(-3) + (-1344)/(-18) + 4?
79
Suppose 0 = 8*a - 5*a - 60. List the prime factors of a.
2, 5
Suppose 0 = 4*z - 23 - 1. Let s be z/(-4) - (-9)/2. Suppose -s*t + 1 = -5. What are the prime factors of t?
2
Let u(z) = -3*z + 3. What are the prime factors of u(-10)?
3, 11
Suppose 122 + 454 = 4*m. What are the prime factors of m?
2, 3
Suppose v - 4*v + 12 = 0. Let z(j) = j**2 + 0 - 2 + 1 - 4*j + 3. List the prime factors of z(v).
2
Let u = -5 - 0. Let b = u - 0. Let x = 3 - b. List the prime factors of x.
2
Let l be (54/12)/(3/4). Suppose -l + 21 = 5*r. List the prime factors of r.
3
Let i be 16/(-12)*(-2 - 1). Let w = i + -1. List the prime factors of w.
3
Suppose -5*n = y - 98, 0*n + y - 18 = -n. What are the prime factors of n?
2, 5
Let n = 2 + 1. Suppose -4 = -5*h + n*h. Suppose -h*o